ber?
True
Is 19069 a composite number?
False
Is 148513 prime?
True
Is 282881 prime?
True
Is 36827 a composite number?
True
Is 24607 a composite number?
True
Is 148439 a composite number?
False
Is 28799 a composite number?
True
Is 13033 a composite number?
False
Is 107563 a prime number?
True
Is 21113 a prime number?
False
Is 180749 composite?
False
Is 58933 composite?
True
Is 410307 a prime number?
False
Is 69169 composite?
True
Is 691883 composite?
True
Is 9977 a composite number?
True
Is 11383 a prime number?
True
Is 2826521 a composite number?
False
Is 46853 composite?
False
Is 840965 composite?
True
Is 226267 a prime number?
True
Is 14597 a composite number?
True
Is 501 a composite number?
True
Is 158293 composite?
False
Is 273739 a prime number?
True
Is 481 prime?
False
Is 509207 composite?
True
Is 3862253 prime?
True
Is 29917 composite?
False
Is 34649 a composite number?
False
Is 769 a prime number?
True
Is 157769 composite?
False
Is 7627 composite?
True
Is 14257 composite?
True
Is 496441 a prime number?
False
Is 3579 a composite number?
True
Is 80611 prime?
True
Is 3300521 composite?
True
Is 4201 prime?
True
Is 641 composite?
False
Is 367739 a composite number?
False
Is 45053 prime?
True
Is 5935 composite?
True
Is 392494 composite?
True
Is 14738 prime?
False
Is 91607 a prime number?
False
Is 21353 composite?
True
Is 128159 prime?
True
Is 8941 a composite number?
False
Is 502657 a prime number?
False
Is 1621 a composite number?
False
Is 1891429 a composite number?
False
Is 797 a prime number?
True
Is 31829 composite?
True
Is 5879 a prime number?
True
Is 40805 a prime number?
False
Is 665089 a prime number?
True
Is 32839 composite?
False
Is 12373 a composite number?
False
Is 10972813 composite?
False
Is 5627 composite?
True
Is 889 a prime number?
False
Is 134223 composite?
True
Is 17399 prime?
False
Is 8057 prime?
False
Is 2323 composite?
True
Is 89 prime?
True
Is 482017 a composite number?
False
Is 6247 composite?
False
Is 29363 a prime number?
True
Is 40091 a prime number?
False
Is 9409 prime?
False
Is 85469 prime?
True
Is 61453 a composite number?
True
Is 7067 a composite number?
True
Is 47599 composite?
False
Is 11003 a composite number?
False
Is 9029 a prime number?
True
Is 129001 a prime number?
True
Is 51431 prime?
True
Is 7465 prime?
False
Is 10765 composite?
True
Is 97919 prime?
True
Is 1667729 a prime number?
False
Is 11357 a prime number?
False
Is 87023 prime?
False
Is 7405 a composite number?
True
Is 112163 a prime number?
True
Is 32891 a composite number?
True
Is 168251 a prime number?
False
Is 3683 composite?
True
Is 1714049 composite?
False
Is 74915 a composite number?
True
Is 21911 prime?
True
Is 181387 a prime number?
True
Is 82343 composite?
True
Is 9871 a prime number?
True
Is 65359 a prime number?
False
Is 1421213 composite?
False
Is 18185 composite?
True
Is 9467 prime?
True
Is 9287 a prime number?
False
Is 50989 a composite number?
False
Is 51839 composite?
False
Is 38783 prime?
True
Is 7853 prime?
True
Is 46463 a prime number?
False
Is 359995 prime?
False
Is 350905 composite?
True
Is 341401 a prime number?
False
Is 5294 a prime number?
False
Is 43349 a composite number?
True
Is 7141 a composite number?
True
Is 504337 a prime number?
True
Is 12809 a prime number?
True
Is 1333 composite?
True
Is 194563 a prime number?
False
Is 310381 composite?
True
Is 1656719 composite?
False
Is 36341 a composite number?
False
Is 46853 a prime number?
True
Is 1677859 prime?
False
Is 29243 prime?
True
Is 1055 a prime number?
False
Is 55001 composite?
False
Is 7397 a prime number?
False
Is 8909 a composite number?
True
Is 27515 composite?
True
Is 105605 a composite number?
True
Is 9493 a prime number?
False
Is 8402 composite?
True
Is 21209 prime?
False
Is 4159 composite?
False
Is 35779 a prime number?
False
Is 1332319 composite?
False
Is 851 a composite number?
True
Is 10663 prime?
True
Is 36973 composite?
False
Is 48157 a composite number?
False
Is 10753 composite?
False
Is 195799 a composite number?
True
Is 711269 prime?
False
Is 2471 a prime number?
False
Is 33703 a prime number?
True
Is 335 a prime number?
False
Is 309559 composite?
False
Is 2931481 a prime number?
False
Is 949211 prime?
True
Is 20854 prime?
False
Is 55291 a composite number?
False
Is 15551 a prime number?
True
Is 148879 composite?
True
Is 301259 a prime number?
False
Is 80897 a prime number?
True
Is 13835 composite?
True
Is 62891 a prime number?
False
Is 28491 a composite number?
True
Is 11351 composite?
False
Is 35023 a prime number?
True
Is 211361 a prime number?
False
Is 865941 a composite number?
True
Is 386846 prime?
False
Is 988413 composite?
True
Is 287321 a composite number?
False
Is 91981 prime?
False
Is 35911 a composite number?
False
Is 23957 a prime number?
True
Is 337729 prime?
False
Is 194 a prime number?
False
Is 141005 a composite number?
True
Is 32645 a prime number?
False
Is 336211 prime?
True
Is 521861 composite?
False
Is 19541 a composite number?
False
Is 416693 a composite number?
False
Is 40193 a composite number?
False
Is 820979 prime?
False
Is 482901 a composite number?
True
Is 22343 prime?
True
Is 5342 a composite number?
True
Is 32245 a prime number?
False
Is 17707 a composite number?
False
Is 59287 prime?
False
Is 104623 prime?
True
Is 2221 a composite number?
False
Is 1657 prime?
True
Is 13093 a prime number?
True
Is 78159 a prime number?
False
Is 10961 composite?
True
Is 83131 composite?
True
Is 7321 a composite number?
False
Is 149689 prime?
True
Is 8329 a prime number?
True
Is 50599 a composite number?
False
Is 308369 prime?
False
Is 6333 a prime number?
False
Is 4291 composite?
True
Is 339681 a prime number?
False
Is 18041 prime?
True
Is 149 composite?
False
Is 12603 composite?
True
Is 106801 composite?
False
Is 375311 prime?
True
Is 20885 prime?
False
Is 86421 composite?
True
Is 14173 a composite number?
False
Is 260761 composite?
False
Is 97543 a prime number?
False
Is 106369 a composite number?
True
Is 12494 a prime number?
False
Is 557 prime?
True
Is 1735243 prime?
False
Is 664711 a composite number?
False
Is 21341 composite?
False
Is 18833 a prime number?
False
Is 8333 composite?
True
Is 785623 prime?
True
Is 9127 a composite number?
False
Is 8563 a prime number?
True
Is 157411 a prime number?
True
Is 46603 a prime number?
False
Is 15557 composite?
True
Is 981571 prime?
False
Is 183 prime?
False
Is 179 prime?
True
Is 343789 composite?
True
Is 71701 prime?
False
Is 11278 composite?
True
Is 90599 prime?
True
Is 5963 composite?
True
Is 114997 a prime number?
True
Is 4391 composite?
False
Is 25687 composite?
True
Is 3142 a prime number?
False
Is 284341 prime?
True
Is 302567 a composite number?
False
Is 346891 prime?
True
Is 45209 composite?
True
Is 99469 prime?
True
Is 401309 a prime number?
True
Is 2927 prime?
True
Is 528161 a composite number?
True
Is 5669 a composite number?
False
Is 1005713 composite?
True
Is 404449 prime?
True
Is 48427 prime?
False
Is 141157 a prime number?
True
Is 1020223 prime?
True
Is 66167 a prime number?
False
Is 362569 a prime number?
True
Is 2734 composite?
True
Is 1259 a composite number?
False
Is 13841 prime?
True
Is 161869 composite?
False
Is 2785087 composite?
False
Is 3631 a composite number?
False
Is 412382 a composite number?
True
Is 237979 prime?
False
Is 569631 prime?
False
Is 2569 prime?
False
Is 16787 composite?
False
Is 27359 composite?
True
Is 334439 a prime number?
False
Is 462481 composite?
False
Is 115873 composite?
False
Is 11047 prime?
True
Is 39535 prime?
False
Is 167605 prime?
False
Is 23181 a composite number?
True
Is 19407 composite?
True
Is 8251 composite?
True
Is 1114471 composite?
False
Is 150899 a composite number?
True
Is 1727 prime?
False
Is 280183 a prime number?
True
Is 271163 a composite number?
False
Is 114941 a composite number?
False
Is 3418 a composite number?
True
Is 143357 a prime number?
True
Is 58633 prime?
False
Is 303 a prime number?
False
Is 24317 a composite number?
False
Is 43201 a composite number?
False
Is 70331 prime?
False
Is 185359 a prime number?
True
Is 1685173 a composite number?
True
Is 55021 a composite number?
False
Is 3497 prime?
False
Is 74915 prime?
False
Is 30757 a prime number?
True
Is 3821 a composite number?
False
Is 57895 a composite num